 the highest common factor of q and f?
3
Let b = -6902 - -6943. Calculate the greatest common factor of b and 24067.
41
Let f = 298 - 305. Let z be 30 + 1 + 3 + f. Calculate the greatest common divisor of 432 and z.
27
Let o(y) = y**2 - 11 + y - 3*y - 4. Let z be o(5). Suppose -31*p + 29*p + 38 = z. What is the highest common divisor of 19 and p?
19
Let u(r) = -r**3 + 4*r**2 + 4. Let b be u(4). Suppose 43 = 4*g + 15. Suppose g*a = 5*a + 8. Calculate the greatest common divisor of b and a.
4
Let i(c) = 377*c + 5845. Let h be i(-15). Let f = -115 + 267. What is the highest common divisor of h and f?
38
Suppose -16 - 20 = -3*v. Suppose 0*c - v*c = 0. Suppose -14*j + 20*j - 66 = c. Calculate the greatest common factor of j and 88.
11
Let h be (0 + -4)/(-2) - -7. Suppose -8*y = 4 + 20, 4*j + 4*y - 132 = 0. What is the highest common divisor of j and h?
9
Let p be 276*(0 + ((-4)/8 - -1)). Let h = 229 - p. What is the greatest common divisor of h and 65?
13
Suppose -4*r + 6711 = -1776 - 7029. What is the highest common divisor of r and 9?
9
Let w(l) = -l + 5. Let o be w(4). Let u be -178*(-15)/(-18) + 3/9. Let q = u - -149. Calculate the greatest common factor of o and q.
1
Suppose 23*w = 8*w + 660. Let m = 40 - w. Let q(v) = -3*v**3 + 8*v - 1. Let g be q(m). Calculate the highest common divisor of 106 and g.
53
Suppose 3*u + r + 4 - 1 = 0, -3 = r. Suppose 2*f - 47 + 5 = u. Calculate the highest common divisor of f and 112.
7
Let c(p) = -39*p + 55. Let u be c(-20). Let s = -834 + u. What is the highest common divisor of 3 and s?
1
Suppose -22*q = -14*q - 448. Let u be q/(-21) - (-805)/15. Calculate the greatest common divisor of u and 9.
3
Suppose 0 = 5*d - 7*d + 598. Calculate the highest common divisor of d and 253.
23
Suppose -33*i + 60 = -28*i. Let g be (-8)/i - (25/3 - -1). Let n(c) = c + 15. Let h be n(g). Calculate the highest common divisor of h and 65.
5
Let x be 160990/43 + 44/946. Calculate the highest common divisor of x and 351.
117
Let s = 44860 + -27387. What is the greatest common factor of s and 173?
173
Suppose 0 = -10*q + 5*a + 341960, -69*q + a - 68408 = -71*q. What is the highest common factor of q and 24?
24
Let m(h) = h**2 - 4*h - 92. Let o be m(-8). Suppose 3*q + 2*a - 1356 = -q, -5*q + 1708 = -o*a. What is the highest common divisor of q and 34?
34
Let o be 61 + -1 - (-1 - -1). Let g(f) = -407*f - 22055. Let p be g(-55). What is the greatest common divisor of p and o?
30
Suppose 0 = 2*v - 2*a - 244, a - 158 + 40 = -v. What is the greatest common factor of v and 400?
40
Let m = 123 + -68. Suppose 5*r - 640 = -m. Let u = -75 + r. Calculate the greatest common factor of u and 6.
6
Suppose -115*z + 108*z = -57330. Suppose -27*a - 12*a + z = 0. What is the greatest common divisor of a and 20?
10
Suppose -3*r = -4*j + 455, -4*j = 2*r + 120 - 550. Suppose 2*m + j + 14 = 0. Let s = m - -71. What is the highest common factor of 36 and s?
9
Suppose 2*h + 2*s - 22 = 0, 4*h - s = -3*s + 48. Suppose h*f - 227 = 410. Calculate the highest common factor of 7 and f.
7
Let i = 121 + -125. Let q be (4/6)/((-24)/180) - i. Let n be (0 + -34)/(q + 5 + -6). What is the highest common factor of 34 and n?
17
Let p be (81/6)/3*(-256)/(-6). Let c = p - 188. What is the highest common divisor of 4 and c?
4
Suppose 34 = 8*n - 62. Suppose -1595 = x - n*x. Let b(y) = 3*y + 7. Let d be b(17). What is the greatest common factor of x and d?
29
Let m = 17771 - 16514. Calculate the highest common factor of 3 and m.
3
Suppose 43*w - 6 = -6. Suppose -6*x + 2*x + 560 = 4*a, w = 3*a + 5*x - 420. Calculate the greatest common divisor of 12 and a.
4
Let g = 3 + -1. Let h be g - 1 - (1 - (1 + -1)). Suppose 8*f - 128 - 192 = h. Calculate the highest common factor of 20 and f.
20
Suppose o = -p - 483, 3*p - 23 = -8. Let n = -462 - o. Let z = 151 + -21. What is the greatest common factor of z and n?
26
Let g be 14/(-3)*16/140*17325/(-70). What is the greatest common factor of g and 96?
12
Let i = -2036 - -2414. What is the highest common factor of 105 and i?
21
Suppose -5*q + 2*o = -7, 8*o - 5*o = 4*q. Suppose q*h - 2*j = -2*h + 12, h = j. Suppose -70 = -11*r + 6*r. Calculate the greatest common divisor of r and h.
2
Let q = 130 + -124. Let y be 48 + 12/q + 0. What is the greatest common factor of y and 10?
10
Let d(c) = -3*c + 1036. Let u be d(0). What is the highest common divisor of u and 2812?
148
Let l = -458 + 490. What is the highest common factor of l and 264?
8
Let b(q) = 2*q**2 - 97*q + 1553. Let m be b(20). What is the greatest common factor of m and 177?
59
Let k be 78*1*(-4)/84*-7. Calculate the greatest common factor of k and 50.
2
Suppose 10*c - 7*c - 4*n - 55 = 0, 0 = -4*c - 3*n + 115. Suppose 0 = 5*x - 339 - 36. Let u be (15/c)/(1/x). Calculate the greatest common factor of u and 5.
5
Suppose 90*f - 54 = 93*f. Let h(t) = -3*t**2 - 55*t + 32. Let x be h(f). Calculate the highest common factor of x and 400.
50
Suppose -37*f - 858 = -34*f. Let k = -413 - f. Let o = k - -211. Calculate the highest common divisor of o and 42.
42
Let r be 15*1 + -1 - -1. Suppose -17*j = -c - 22*j + 5, -6*c + 132 = -4*j. Calculate the highest common divisor of r and c.
5
Suppose -15*z + 850 = -785. Let p = z - -11. What is the greatest common divisor of 300 and p?
60
Let t = -55 + 147. Let d = -70 + t. Let f be 170/8 - 12/(-16). What is the highest common divisor of f and d?
22
Let x = 210 + -204. Let p be 579/6 + (12/(-8))/3. Calculate the highest common divisor of p and x.
6
Suppose 0 = -w - 5*c + 50, 23*c = 18*c + 30. Calculate the greatest common divisor of 29660 and w.
20
Suppose -1051*v + 119 = -1044*v. Suppose v*h + 270 = 32*h. What is the greatest common divisor of 414 and h?
18
Let c be (74/(-8))/(22 - 58113/2640). Calculate the highest common divisor of c and 444.
148
Let b = -2264 + 2289. What is the highest common divisor of 365 and b?
5
Let u(b) = -5*b**2 - 7*b - 23. Let z(d) = 6*d**2 + 8*d + 25. Let o(w) = 7*u(w) + 6*z(w). Let k be o(6). What is the highest common factor of k and 361?
19
Suppose 125*g = 86274 + 490726. What is the highest common factor of 64 and g?
8
Suppose -h - t = -1908, -5*t = -5*h + 1435 + 8075. Let m be (6 - h/(-21)) + (-4)/(-14). Let s = m + -89. What is the greatest common factor of s and 32?
8
Let d be ((-56)/14 - 14/(-2))/(2/198). What is the greatest common factor of 2871 and d?
99
Let r(i) = -2*i**3 + 94*i**2 - 613*i + 171. Let k be r(38). What is the highest common factor of 1057 and k?
151
Suppose 4*x = -8*x + 14*x - 904. What is the greatest common factor of 4 and x?
4
Suppose u + 704 = 3*u. Let v(x) = -x**2 - 11*x + 22. Suppose 18*m - 110 = 28*m. Let w be v(m). Calculate the highest common divisor of u and w.
22
Suppose 2*z = -5*o + 767, 3*o = -2*z + 829 - 56. What is the greatest common divisor of z and 437?
23
Let x = -239 - -487. Let g(d) = 11*d + 110. Let b be g(-10). Suppose 96 = 3*v - 7*j + 4*j, b = 2*j + 2. What is the highest common factor of v and x?
31
Suppose 90 = 3*l - 4*a - 448, -3*l = 2*a - 514. What is the highest common factor of 58638 and l?
174
Let m = 1296 - 925. Suppose -5*s + m = 21. Calculate the highest common divisor of 28 and s.
14
Let p(l) = -3*l**3 + 3*l**2 - 6*l - 13. Let w be p(3). Let u = w - -117. Calculate the greatest common divisor of u and 4.
4
Suppose -121*d + 9*d + 6027 + 24885 = 0. What is the greatest common factor of d and 216?
12
Let i = 134 - 119. Let a(m) = -m**2 + 17*m - 26. Let x be a(i). Calculate the highest common factor of 4 and x.
4
Suppose -2*a + 8 = 0, -2*f + a + 472 = 3*a. Suppose 0 = -h - n, 2*h - 140*n + 139*n = 24. What is the highest common divisor of h and f?
8
Let w(r) = 11*r**2 + 6*r - 14. Let x be w(2). Let t be x/2 - 4/12*12. What is the highest common divisor of t and 1?
1
Suppose 2*o + 2 = 6, -4*b - 2 = -o. Let j be b - -37 - (-4 + 8). What is the highest common factor of 528 and j?
33
Let t be 246/(-4)*68/51*-5. What is the greatest common divisor of 200 and t?
10
Suppose 3*n - 15 - 16 = -w, -2*n + 4*w + 44 = 0. Suppose 4*h - n*y = -7*y + 291, 0 = 4*y + 12. What is the highest common divisor of 92 and h?
23
Let c(r) = 47*r**2 - 4*r + 5. Let z = 45 + -40. Suppose 0 = q + 4*o + 15, z*q - o + 2 - 11 = 0. Let x be c(q). Calculate the highest common factor of 36 and 